git of ((-3)/2)/(k/52)?
9
Let d(a) = -a**2 + 2*a - 5. Let l be d(3). Let c(s) = 11*s + 1. Let v be c(-3). Let k = l - v. What is the tens digit of k?
2
Let m = 99 + -98. Let a = 113 - m. What is the tens digit of a?
1
Let j = 29 + -36. Let h(g) = -4*g - 7. Let s be h(j). Let v = s - 4. What is the units digit of v?
7
Let l = 80 + -37. Suppose 0 = 4*q - 253 - l. Let n = q - 33. What is the units digit of n?
1
Let a(r) = r**3 + 12*r**2 + 18*r + 9. Let m be a(-7). What is the tens digit of 1/(1 + -2) + m?
2
Let a(b) = -b**3 - 5*b**2 - 6*b - 3. Let w be a(-4). Suppose 24 = w*s + 4, -28 = -4*t + 3*s. Suppose t*g - 14 = 9*g. What is the units digit of g?
4
What is the tens digit of 16/(175/21 + -8)?
4
Suppose 0 = -6*v - 228 + 798. Let u = v + 131. What is the hundreds digit of u?
2
Let a be (-1)/(-4) - 4070/(-40). Suppose -4*f = -a + 2. Suppose -2 + f = r. What is the units digit of r?
3
Let j = -40 + 131. Let r be 3480/26 + 14/j. Suppose r = 4*n - l - 4*l, -2*n - l = -60. What is the units digit of n?
1
Let z be -1*(1 - 0) + 16. Suppose 4*a + z = -5. Let n(s) = s**3 + 4*s**2 - 6*s + 3. What is the units digit of n(a)?
8
Suppose -3*p + 6*p + 2*y - 1606 = 0, p - y - 532 = 0. What is the units digit of p?
4
Let x = 17 - 13. Suppose 4*f - 5*g - 235 = -f, -x*f + 184 = -3*g. What is the units digit of f?
3
Let b(h) = -2*h - 19. Let j be b(-4). What is the units digit of (-2 - -4)*j*(-9)/6?
3
Let p(i) = 11*i**2 + 4*i - 21. What is the units digit of p(6)?
9
Let z(s) = -22*s - 35. Let q be z(-5). Let f = q + -1. What is the tens digit of f?
7
Let k = -502 - -1225. What is the hundreds digit of k?
7
Let v be (-670)/18 - (-2)/9. Let m = v + 39. What is the units digit of m/(-5) - 1008/(-20)?
0
What is the units digit of 3504/9*(7/(-14) - -2)?
4
Let i(r) = -34*r + 47. What is the units digit of i(-5)?
7
Suppose 0*n + 5*i + 1 = 3*n, -5*n + 14 = 4*i. What is the tens digit of (-55)/n*(-5)/(25/10)?
5
Let z be 3*2/6*-8. Let y be z/(-24)*(4 - 1). What is the units digit of 12*y/((-6)/(-4))?
8
Let v(x) = x**3 - 8*x**2 - 10*x + 11. Let q be v(9). Let a(l) = 2*l - 8*l + q + 5*l. What is the units digit of a(-6)?
8
Let x(u) = -118*u**2 + 2*u. Let c(l) = 237*l**2 - 4*l. Let y(n) = 3*c(n) + 5*x(n). What is the tens digit of y(1)?
1
Let h be (-3)/(-9)*(-716 + -1). Let f = h + 372. Suppose 0 = 5*a - 4*m - 99, 0 = 5*a + m - f + 39. What is the units digit of a?
9
Suppose -4*l - 27 = 69. Let h = 48 + l. What is the tens digit of h?
2
Let r(p) = 2*p + 20. Let z(q) = q + 19. Let f(g) = 3*r(g) - 4*z(g). Suppose 3*m - 6*m = 3*x - 30, -2*m = -x + 13. What is the units digit of f(x)?
6
Let n(g) be the second derivative of -g**5/20 + 5*g**4/6 + g**3/6 + 3*g**2/2 - 2*g. Let c = -15 + 25. What is the units digit of n(c)?
3
Let h = -50 - -56. Suppose -3*g + 23 = 2*z, -5*z - h*g = -2*g - 54. What is the tens digit of z?
1
What is the tens digit of (12/15)/((-44)/(-80410))?
6
Let r(v) = -9*v**2 - v - 2. Let h be r(-1). Suppose -5*f + 15 = -2*f. What is the units digit of (h/25)/((-2)/f)?
1
Let f = -64 - -56. Let d(z) = z**3 + 8*z**2 - 5*z + 2. What is the units digit of d(f)?
2
Let r be (-2)/4*(1 - -1). Let o = r + 3. What is the tens digit of (18 - -4)/o*1?
1
Let h(j) = -j**2 + 6*j - 6. Let l(u) = 2*u**2 - 12*u + 13. Let y(s) = 13*h(s) + 6*l(s). Let a be y(5). Suppose -a*d + 7*d = 86. What is the units digit of d?
3
What is the units digit of 120/96 - 2615/(-4)?
5
Let l(z) = -z**3 - 7*z**2 + 7*z - 11. Let t be l(-8). Let k(w) = 2*w**3 + 2*w**2 + 2*w + 5. Let m be k(t). Let n = m - -56. What is the units digit of n?
9
Suppose 0 = -2*t + 9 - 1. Let k be (0/((-4)/t))/3. Suppose 5*m + k*n + 3*n = 210, 0 = m + n - 42. What is the tens digit of m?
4
What is the tens digit of 2/(-4) + 14705/34?
3
Let i(c) = 5*c**2 - 2*c + 2. Let x be i(2). Let q = x - 14. Suppose -7*a = -q*a - 78. What is the tens digit of a?
2
Let p = 30 + -13. Suppose p*k - 24*k = -378. What is the units digit of k?
4
Suppose 0 = -s + 3*s - 4. Let b be (2 + -2)/(2/s). Suppose b = 5*d - z - 18, -5*d - z - 4 + 16 = 0. What is the units digit of d?
3
Suppose -34*z - 1339 = -36*z + a, 4*z = 3*a + 2673. What is the units digit of z?
2
Suppose 15*m - 7483 - 302 = 0. What is the units digit of m?
9
Let c = 366 - 244. Suppose -3*x - 77 + c = 0. What is the tens digit of x?
1
Suppose -5*o + 1648 = 4*p, 194 = o + 4*p - 142. What is the hundreds digit of o?
3
Let l = 3 + -7. Let n = l - -8. Suppose -4*y - y + 71 = 4*a, 3*a = n*y + 61. What is the units digit of a?
9
Suppose 5*d + 0*d - f = 6, 3*d - 2*f + 2 = 0. Suppose -2*c + 0*c - 4 = -2*o, -d*c - 2 = -3*o. Let x(w) = 7*w**2 - 2*w - 4. What is the tens digit of x(o)?
2
Suppose -5*m + c + 895 = -664, -c - 4 = 0. What is the tens digit of m?
1
Let m = -30 - -39. Suppose 8*c - m*c + 100 = 0. What is the hundreds digit of c?
1
Let g be -1 + 1 + (2 - -5). Let o(a) = g*a + 1 - 8*a + 3*a. What is the units digit of o(0)?
1
Let f(x) = -x + 56. Suppose -n = -w + 10, -5*n = -11 + 36. Suppose -7*o = -w*o. What is the tens digit of f(o)?
5
Let n(b) = b**3 + 6*b**2 + 6*b + 4. Let q be n(-5). What is the tens digit of (1 + -1 + -83)/q?
8
Suppose j = -1, -3*u - j = -3*j - 17. Suppose -8 = z - u*z. Suppose -p - 46 = -z*p - 3*k, 4*p = -4*k + 152. What is the tens digit of p?
3
Let s = -15 + 20. Suppose -s*t + 102 = -2*t. What is the units digit of t?
4
Let u = -115 - -332. What is the tens digit of u?
1
Let x(c) = 21*c**2 + 49*c - 400. What is the thousands digit of x(11)?
2
Suppose -206*c + 193*c = -1053. What is the tens digit of c?
8
Let q(g) = -21*g**3 - g**2 - 3*g - 2. Let b be q(-1). What is the tens digit of 89 - (49/b + (-4)/(-6))?
8
Let u(g) = 2*g**2 - 9*g - 12. Let y be u(9). Let r = -33 + y. What is the tens digit of r?
3
Let y(w) = 23*w - 22. Let a be (18/8)/((-23)/4 + 6). What is the hundreds digit of y(a)?
1
Let j(p) = 5*p**2 + 129*p - 52. What is the tens digit of j(-33)?
3
Suppose 0*b - 6*b + 108 = 0. Suppose 0 = 3*u + 5*p - 21, -4*u + b - 7 = p. Suppose -5*x + 238 = u*d, 2*d + 77 = 3*x - 69. What is the units digit of x?
8
Suppose -5*f - 1033 = -4*j, -2*j + 245 + 269 = -2*f. What is the hundreds digit of j?
2
Let z(f) = f**3 + 11*f**2 - 5*f + 96. What is the units digit of z(-10)?
6
What is the tens digit of (-10)/2 + 1379/7?
9
Suppose -3*v = 2*v + 5*q - 2705, 2*q = 0. Suppose d - 5*d + t + 437 = 0, 4*t = -5*d + v. What is the units digit of d?
9
Let m be (-6)/21*(0 - 7). What is the units digit of 5 + (-1 - 8) + 46/m?
9
Let l = 59 - 12. Let c = -58 - -33. Let z = c + l. What is the units digit of z?
2
Let d(y) = 4*y - 7. Let s be d(2). Let c be -57*(0 - (-1)/(-3)). Let l = c + s. What is the units digit of l?
0
Let k be 0*(1 - (-1 + 3)). What is the tens digit of (-5)/((-10)/88) - (0 + k)?
4
Suppose v - 42 = 36. Let x = 133 - v. What is the tens digit of x?
5
Let l(u) = -u**3 + u**2 + 32*u - 4. What is the units digit of l(6)?
8
Let r be (-7)/(7/4)*435/(-12). Suppose q - r = 3*p, 2 + 0 = 2*p. What is the units digit of q?
8
Let x = -441 + 1424. What is the hundreds digit of x?
9
Suppose -9045 = -5*a - 2*g, -6*a = -10*a - 2*g + 7236. What is the hundreds digit of a?
8
Let y(v) = v - 9. Let l be y(11). Suppose w = 5*t - 209, -l*t + 3*w + 207 = 3*t. What is the units digit of t?
2
Let l = -25 + 37. Let r be (-2 + l)*4/10. Suppose -4*y + 12 = -r*x, 2*x - 7 - 15 = -5*y. What is the units digit of x?
1
Let v(j) = 64*j + 801. What is the thousands digit of v(7)?
1
Let i be (1 - 15)*18/4. Suppose 3*d = 4*a - 28, -3*a + 3*d + 16 = -8. What is the tens digit of (i/18)/((-1)/a)?
1
Let u(g) = -7*g + 11. What is the units digit of u(-22)?
5
Let v = -45 + 77. Let o be v/10 - (-5)/(-25). Let b = o + 5. What is the units digit of b?
8
Suppose 6*w - 1894 - 512 = 0. What is the tens digit of w?
0
Suppose -138 = -2*i - i. Let f be i/8 - 2/(-8). Let k = f - -7. What is the units digit of k?
3
Suppose 2*i = 6*i - 16. Suppose 1 = 3*z - i*p + 3*p, 2*z + 2*p = 14. Suppose -4*k = z*b - 22, 0*k + 52 = 2*b - 2*k. What is the units digit of b?
1
Let w(b) = -b**3 - b**2 + b - 61. Let l be w(0). Let g = -102 - l. Let p = -27 - g. What is the units digit of p?
4
Let y(f) = -f - 6. Let x be y(0). Let r(p) = -p**3 - p**2 + 6*p + 2. Let n(h) = h**3 - 7*h - 1. Let i(a) = -6*n(a) - 7*r(a). What is the units digi